23. What is p(-74)?
1
Let b(p) = 5635*p + 16962. Calculate b(-3).
57
Let u(m) = m**2 + 63*m - 571. What is u(8)?
-3
Let t(g) = -g**2 + 12*g - 45. Give t(7).
-10
Let s(p) = 4*p**2 - 68*p + 80. What is s(15)?
-40
Let l(o) = -15*o**2 - 272*o - 271. Calculate l(-1).
-14
Let d(y) = 2*y**2 + 2559*y - 10260. Calculate d(4).
8
Let b(l) = l**2 + 3*l - 6. What is b(-8)?
34
Let v(h) = -24*h - 243. What is v(-10)?
-3
Let g(y) = -y**2 + 74*y - 141. Calculate g(72).
3
Let t(p) = -118*p - 8198. Calculate t(-69).
-56
Let p(i) = -i**2 - 106*i - 2144. What is p(-80)?
-64
Let y(u) = 2*u**3 + 144*u**2 + 139*u - 241. Give y(-71).
-28
Let m(j) = -2*j**3 - 62*j**2 - 15*j - 463. Determine m(-31).
2
Let m(w) = -4*w**3 + 2*w**2 + 12*w - 1. Calculate m(-4).
239
Let n(w) = -41*w + 4251. Calculate n(104).
-13
Let b(d) = -d**3 - 17*d**2 + 5*d + 16. Calculate b(-17).
-69
Let c(p) = -19*p + 37. Give c(5).
-58
Let o(x) = 3*x**3 + 78*x**2 + 3*x + 93. Determine o(-26).
15
Let a(j) = -837*j + 4125. Calculate a(5).
-60
Let y(n) = n**2 - 33*n + 35. Determine y(33).
35
Let w(i) = 19*i**2 + 230*i + 236. Determine w(-11).
5
Let o(q) = q**2 - 80*q + 14. Give o(80).
14
Let n(i) = -47*i**2 + 5*i + 6. Determine n(-2).
-192
Let n(k) = 199*k - 5145. Give n(26).
29
Let x(f) = -10*f**2 - 10*f + 5. Calculate x(4).
-195
Let o(h) = -h**3 - 81*h**2 + 159*h - 522. Calculate o(-83).
59
Let z(g) = g**3 + 9*g**2 - 39*g - 197. What is z(-11)?
-10
Let w(x) = -x**2 - 66*x + 2255. Determine w(-93).
-256
Let c(d) = -5*d**3 + 1706*d**2 - 344*d + 1036. What is c(341)?
13
Let f(u) = u**3 - 11*u**2 - 86*u + 784. Calculate f(13).
4
Let h(k) = -2*k**2 + 12*k + 320. What is h(-10)?
0
Let s(h) = -9*h - 226. Determine s(-25).
-1
Let j(l) = -101*l - 715. Calculate j(-7).
-8
Let p(x) = -2*x**3 - 74*x**2 - 208*x - 188. Calculate p(-34).
-52
Let v(q) = 5*q - 182. Give v(-28).
-322
Let h(b) = -107*b**2 + 1227*b - 550. What is h(11)?
0
Let g(p) = p**3 + 20*p**2 - 12*p - 230. Determine g(-20).
10
Let l(n) = -473*n - 8524. Give l(-18).
-10
Let w(i) = -591*i + 8249. Give w(14).
-25
Let j(h) = -30*h - 133. Determine j(-5).
17
Let k(u) = 350*u**2 + 9109*u + 229. What is k(-26)?
-5
Let j(p) = -9*p**3 - 6*p**2 - 6*p + 6. Calculate j(4).
-690
Let s(i) = 10102*i + 131313. Calculate s(-13).
-13
Let z(l) = -403*l - 4035. Give z(-10).
-5
Let b(s) = -7*s**2 + 62*s - 4. Calculate b(8).
44
Let t(g) = 32*g + 226. What is t(-6)?
34
Let w(x) = -12*x**2 - 30*x - 64. Calculate w(-3).
-82
Let u(q) = -q**2 - 10*q + 25. Calculate u(-9).
34
Let n(z) = -z**2 - 150*z + 1395. What is n(9)?
-36
Let f(n) = -235*n - 11701. Determine f(-50).
49
Let p(m) = -m**2 - 5*m - 181. Determine p(15).
-481
Let c(n) = -7*n**2 - 5*n + 34. What is c(8)?
-454
Let w(s) = -s**2 - 295*s + 10468. Give w(-327).
4
Let u(w) = 70*w - 89. Give u(3).
121
Let k(d) = 4*d**3 - 2*d**2 - 77*d - 54. What is k(5)?
11
Let g(u) = 273*u - 1980. Calculate g(7).
-69
Let w(h) = -h**3 - 15*h**2 + 5*h + 35. Determine w(-16).
211
Let k(n) = -2*n**2 + 43*n - 60. Determine k(22).
-82
Let o(a) = -3*a - 173. What is o(-38)?
-59
Let q(n) = -99*n + 3361. Calculate q(33).
94
Let n(x) = -476*x + 1916. Determine n(4).
12
Let v(s) = 28*s + 103. Determine v(0).
103
Let l(r) = r**3 + 23*r**2 + 8*r - 35. Calculate l(-22).
273
Let h(q) = 566*q + 8475. Determine h(-15).
-15
Let y(i) = -48*i + 1046. Give y(22).
-10
Let n(q) = 143*q - 1290. What is n(9)?
-3
Let b(f) = 34*f + 124. What is b(-11)?
-250
Let z(l) = -4*l**3 + 28*l**2 - 19*l + 15. Give z(7).
-118
Let c(s) = -50*s - 53. Calculate c(-7).
297
Let y(p) = -10*p**3 - 10*p**2 + 30*p - 22. Determine y(4).
-702
Let d(y) = -80*y - 7. What is d(-1)?
73
Let h(i) = -3102*i - 27915. Give h(-9).
3
Let b(i) = 4*i**3 + 38*i**2 - 10*i - 63. Calculate b(-9).
189
Let n(w) = -52*w**2 + 4*w - 2. Calculate n(1).
-50
Let y(r) = 2*r**3 - 14*r**2 + 4*r - 35. Determine y(7).
-7
Let k(x) = -x**3 - 9*x**2 + 3*x + 22. What is k(-9)?
-5
Let c(h) = 3*h**3 - 9*h**2 - 112*h + 436. Give c(4).
36
Let c(d) = -3*d**2 + 145*d + 117. Calculate c(49).
19
Let d(l) = 96*l - 7775. What is d(81)?
1
Let s(q) = q**2 + 50*q - 556. Give s(-59).
-25
Let k(j) = 29*j + 957. Determine k(-34).
-29
Let n(q) = -11278*q + 146615. Calculate n(13).
1
Let a(s) = 6*s**3 - 252*s**2 - 257*s + 30. Give a(43).
73
Let w(d) = 432*d + 8185. Calculate w(-19).
-23
Let f(b) = -b**2 + 675*b + 6111. Determine f(-9).
-45
Let d(k) = -127*k + 65. Determine d(2).
-189
Let s(q) = -q**2 + 11. Determine s(-7).
-38
Let u(s) = s**3 - 14*s**2 + 188*s - 1992. Calculate u(12).
-24
Let f(b) = 385*b + 5180. Determine f(-13).
175
Let h(m) = -5*m**2 + 74*m - 242. What is h(10)?
-2
Let t(j) = -59*j - 1010. Give t(-15).
-125
Let i(f) = f**3 - 26*f**2 - 17*f + 91. Determine i(26).
-351
Let j(y) = -37*y - 1690. Give j(-43).
-99
Let n(c) = c**3 - 52*c**2 + 56*c - 510. Determine n(51).
-255
Let h(o) = o**3 - 21*o**2 - 317*o - 71. What is h(-10)?
-1
Let b(u) = -u**2 - 34*u + 183. Determine b(-37).
72
Let a(o) = 24*o**2 + 7*o + 6. Calculate a(-1).
23
Let p(y) = 180*y + 1223. What is p(-7)?
-37
Let k(g) = 8893*g + 35550. Calculate k(-4).
-22
Let i(x) = -54*x + 2133. Calculate i(44).
-243
Let o(i) = -141*i**2 + 7*i + 6. What is o(1)?
-128
Let d(i) = 11*i**2 - 13*i - 26. Calculate d(-3).
112
Let g(z) = -4*z**2 - 54*z + 8. Give g(-5).
178
Let h(n) = 150*n + 1499. Calculate h(-10).
-1
Let m(f) = -f**3 + 40*f**2 + 199*f + 82. What is m(-4)?
-10
Let c(o) = 87*o - 7492. What is c(86)?
-10
Let y(v) = -v**3 - 11*v**2 - 18*v - 58. Determine y(-9).
-58
Let y(r) = -13*r**2 + 26*r - 127. Give y(8).
-751
Let h(l) = 68*l + 1592. Calculate h(-24).
-40
Let h(s) = -9*s**3 + 80*s**2 + 17*s - 115. Calculate h(9).
-43
Let l(a) = a**2 + 58*a + 936. Determine l(-41).
239
Let k(v) = 427*v - 1713. Calculate k(4).
-5
Let i(w) = w**3 + w**2 + 20*w + 47. Calculate i(-2).
3
Let x(i) = -4*i**2 - 105*i + 57. Determine x(-27).
-24
Let c(o) = 4*o + 10. Determine c(1).
14
Let y(f) = 16*f**2 - 12*f - 61. Calculate y(-5).
399
Let b(s) = 58*s**2 - 623*s + 5. Determine b(11).
170
Let a(r) = 3*r**3 + 11*r**2 + 23*r + 28. Calculate a(-2).
2
Let u(c) = 4*c**3 + 9*c**2 - 11*c. Determine u(-3).
6
Let t(f) = -91*f**3 + 5*f**2 - 5*f - 2. Determine t(1).
-93
Let d(s) = 45*s - 968. Give d(21).
-23
Let k(r) = -r**3 + 11*r**2 - 7*r - 11. Determine k(5).
104
Let l(b) = -11*b**2 - 227*b - 1395. Determine l(-6).
-429
Let w(r) = 52*r**2 - 1038*r - 2. Calculate w(20).
38
Let q(k) = -163*k + 1076. Calculate q(7).
-65
Let u(a) = -51*a + 10205. Calculate u(200).
5
Let w(b) = -3*b**3 - 28*b**2 - 58*b + 3. Calculate w(-2).
31
Let n(l) = -108*l**2 - 12*l + 40. Calculate n(1).
-80
Let s(j) = -36*j - 360. Calculate s(-10).
0
Let n(t) = t**2 + 53*t + 110. Determine n(-26).
-592
Let p(l) = -37*l - 327. Determine p(-9).
6
Let d(f) = -f + 9. What is d(2)?
7
Let z(a) = a**3 - 318*a**2 + 1261*a - 5. Determine z(4).
15
Let z(d) = 2*d**2 - 42*d + 235. Give z(5).
75
Let o(d) = d**2 - 107*d + 506. Give o(5).
-4
Let w(u) = u**2 + 9*u - 653. Calculate w(-31).
29
Let u(c) = c**3 - 189*c**2 - 202*c + 2271. What is u(190)?
-9
Let v(b) = 7*b**2 - 245*b + 152. Give v(34).
-86
Let u(s) = -97*s - 2020. Determine u(-22).
114
Let x(r) = -199*r - 2790. Give x(-14).
-4
Let z(j) = 2*j + 94. Determine z(-26).
42
Let y(b) = 291*b + 16874. Calculate y(-58).
-4
Let s(a) = -a**2 - 47*a - 307. Determine s(-37).
63
Let x(n) = 9*n**2 + 139*n + 43. What is x(-21)?
1093
Let n(u) = -29*u - 632. Calculate n(-22).
6
Let f(y) = -173*y - 997. Calculate f(-4).
-305
Let u(k) = -k**3 - 3*k**2 + 52*k + 5. Determine u(-8).
-91
Let d(l) = 37*l + 339. Give d(-8).
43
Let o(t) = -t**3 + 21*t**2 + 124*t - 75. Determine o(-5).
-45
Let l(j) = 58*j + 345. Calculate l(-5).
55
Let f(g) = g**3 + 3*g**2 + 42*g + 82. Give f(-2).
2
Let y(r) = -5*r**2 + 67*r - 475. Give y(18).
-889
Let i(x) = 2137*x + 12816. Determine i(-6).
-6
Let d(s) = -36*s + 1612. Calculate d(41).
136
Let x(h) = -2*h**2 + 51*h + 165. What is x(-3)?
-6
Let t(r) = r**3 - r**2 + 21*r + 6. Determine t(0).
6
Let c(b) = -2*b**2 + 102*b - 682. What is c(43)?
6
Let p(y) = 98*y - 66. Determine p(2).
130
Let x(i) = 577*i + 27120. Give x(-47).
1
Let d(q) = 19*q**2 - 2*q + 4. Calculate d(1).
21
Let l(s) = 2*s**3 + 86*s**2 + 111*s + 1132. What is l(-42)?
-2
Let g(l) = 1730*l - 29408. Determine g(